{"id":192,"date":"2024-03-12T19:12:48","date_gmt":"2024-03-12T19:12:48","guid":{"rendered":"https:\/\/ef\u00e5haven.dk\/?page_id=192"},"modified":"2025-04-22T09:49:23","modified_gmt":"2025-04-22T09:49:23","slug":"tv-internet","status":"publish","type":"page","link":"https:\/\/xn--efhaven-fxa.dk\/?page_id=192","title":{"rendered":"TV &#038; Internet"},"content":{"rendered":"\n<p>Det er muligt for alle lejligheder at have lynhurtigt internet (1000\/1000 Mbit\/s) via fiber. Hver lejlighed er selv ansvarlig for at finde udbyder og betaler omkostningerne.<br><\/p>\n\n\n\n<p>Der er ogs\u00e5 mulighed for at v\u00e6lge kabel tv som er tilg\u00e6ngeligt i de fleste lejligheder.<\/p>\n\n\n\n<p>Der er verdens tv kanaler tilg\u00e6ngelige som betales via antennebidraget. Det er ikke n\u00f8dvendigt at betale for dette, det kan opsiges ved at kontakte vores <strong><a href=\"https:\/\/xn--efhaven-fxa.dk\/?page_id=471\" data-type=\"page\" data-id=\"471\">administrator<\/a><\/strong>.<\/p>\n\n\n\n<div style=\"height:57px\" aria-hidden=\"true\" class=\"wp-block-spacer\"><\/div>\n\n\n\n<p>Ops\u00e6tning af parabol er IKKE tilladt i vores ejerforening. <\/p>\n","protected":false},"excerpt":{"rendered":"<p>Det er muligt for alle lejligheder at have lynhurtigt internet (1000\/1000 Mbit\/s) via fiber. Hver lejlighed er selv ansvarlig for at finde udbyder og betaler omkostningerne. Der er ogs\u00e5 mulighed for at v\u00e6lge kabel tv som er tilg\u00e6ngeligt i de fleste lejligheder. Der er verdens tv kanaler tilg\u00e6ngelige som betales via antennebidraget. Det er ikke [&hellip;]<\/p>\n","protected":false},"author":1,"featured_media":0,"parent":0,"menu_order":0,"comment_status":"closed","ping_status":"closed","template":"","meta":{"footnotes":""},"class_list":["post-192","page","type-page","status-publish","hentry"],"_links":{"self":[{"href":"https:\/\/xn--efhaven-fxa.dk\/index.php?rest_route=\/wp\/v2\/pages\/192","targetHints":{"allow":["GET"]}}],"collection":[{"href":"https:\/\/xn--efhaven-fxa.dk\/index.php?rest_route=\/wp\/v2\/pages"}],"about":[{"href":"https:\/\/xn--efhaven-fxa.dk\/index.php?rest_route=\/wp\/v2\/types\/page"}],"author":[{"embeddable":true,"href":"https:\/\/xn--efhaven-fxa.dk\/index.php?rest_route=\/wp\/v2\/users\/1"}],"replies":[{"embeddable":true,"href":"https:\/\/xn--efhaven-fxa.dk\/index.php?rest_route=%2Fwp%2Fv2%2Fcomments&post=192"}],"version-history":[{"count":11,"href":"https:\/\/xn--efhaven-fxa.dk\/index.php?rest_route=\/wp\/v2\/pages\/192\/revisions"}],"predecessor-version":[{"id":693,"href":"https:\/\/xn--efhaven-fxa.dk\/index.php?rest_route=\/wp\/v2\/pages\/192\/revisions\/693"}],"wp:attachment":[{"href":"https:\/\/xn--efhaven-fxa.dk\/index.php?rest_route=%2Fwp%2Fv2%2Fmedia&parent=192"}],"curies":[{"name":"wp","href":"https:\/\/api.w.org\/{rel}","templated":true}]}}