{"id":622,"date":"2025-01-12T15:34:36","date_gmt":"2025-01-12T15:34:36","guid":{"rendered":"https:\/\/xn--efhaven-fxa.dk\/?page_id=622"},"modified":"2025-07-31T20:44:46","modified_gmt":"2025-07-31T20:44:46","slug":"strom-og-energi-til-elbil-opladning","status":"publish","type":"page","link":"https:\/\/xn--efhaven-fxa.dk\/?page_id=622","title":{"rendered":"Opladning af bil"},"content":{"rendered":"\n<p>Foreningen har indg\u00e5et samarbejde med Nortec om elbil lade l\u00f8sning. <\/p>\n\n\n\n<p>Der er etableret lade stander i sommeren 2025. Lade l\u00f8sningen er kun for foreningens medlemmer, s\u00e5ledes at beboere kan oplade private biler. <br>Lade standeren som har 2 udtag, er placeret ved indk\u00f8rslen fra \u00c5haven, s\u00e5ledes der ikke bliver trafik igennem bagg\u00e5rden for bygningen.<\/p>\n\n\n\n<p>Afregning for opladning sker direkte med Nortec gennem deres app.<br>Hent APP&#8217;en her: <strong><a href=\"https:\/\/apps.apple.com\/dk\/app\/nortec-go\/id1673682599?l=da\" data-type=\"link\" data-id=\"https:\/\/apps.apple.com\/dk\/app\/nortec-go\/id1673682599?l=da\">NORTEC GO<\/a><\/strong><\/p>\n\n\n\n<p><br>For at bruge foreningens ladestander, skal app&#8217;en godkendes med en JOINKODE, som udleveres ved at kontakte bestyrelsen p\u00e5 <a href=\"mailto:efaahaven@gmail.com\" data-type=\"mailto\" data-id=\"mailto:efaahaven@gmail.com\"><strong>mail<\/strong><\/a>.<\/p>\n\n\n\n<p>Bestyrelsen har valgt en &#8220;Lukket l\u00f8sning&#8221;, som g\u00f8r at det kun er foreningens medlemmer der kan lade p\u00e5 lade standeren.<\/p>\n\n\n\n<p>Prisen pr kWh, bliver hver m\u00e5ned justeret efter sidste m\u00e5neds gennemsnits pris.  Prisen kan ses i APP&#8217;en<\/p>\n\n\n\n<p>Tryk p\u00e5 <strong><a href=\"https:\/\/xn--efhaven-fxa.dk\/wp-content\/uploads\/2025\/07\/Quickguide-Nortec-GO-_-EF-AaHAVEN.pdf\" data-type=\"attachment\" data-id=\"781\">dette link<\/a><\/strong> for at se Quickguiden for hvordan du kommer i gang<\/p>\n\n\n\n<figure class=\"wp-block-image aligncenter size-large\"><img loading=\"lazy\" decoding=\"async\" width=\"1024\" height=\"1021\" src=\"https:\/\/xn--efhaven-fxa.dk\/wp-content\/uploads\/2025\/04\/EL-bil-lade-loesning-EF-Aahaven-Version-2-1024x1021.jpg\" alt=\"\" class=\"wp-image-732\" srcset=\"https:\/\/xn--efhaven-fxa.dk\/wp-content\/uploads\/2025\/04\/EL-bil-lade-loesning-EF-Aahaven-Version-2-1024x1021.jpg 1024w, https:\/\/xn--efhaven-fxa.dk\/wp-content\/uploads\/2025\/04\/EL-bil-lade-loesning-EF-Aahaven-Version-2-300x300.jpg 300w, https:\/\/xn--efhaven-fxa.dk\/wp-content\/uploads\/2025\/04\/EL-bil-lade-loesning-EF-Aahaven-Version-2-150x150.jpg 150w, https:\/\/xn--efhaven-fxa.dk\/wp-content\/uploads\/2025\/04\/EL-bil-lade-loesning-EF-Aahaven-Version-2-768x766.jpg 768w, https:\/\/xn--efhaven-fxa.dk\/wp-content\/uploads\/2025\/04\/EL-bil-lade-loesning-EF-Aahaven-Version-2-1536x1532.jpg 1536w, https:\/\/xn--efhaven-fxa.dk\/wp-content\/uploads\/2025\/04\/EL-bil-lade-loesning-EF-Aahaven-Version-2-2048x2042.jpg 2048w\" sizes=\"auto, (max-width: 1024px) 100vw, 1024px\" \/><\/figure>\n\n\n\n<p><\/p>\n","protected":false},"excerpt":{"rendered":"<p>Foreningen har indg\u00e5et samarbejde med Nortec om elbil lade l\u00f8sning. Der er etableret lade stander i sommeren 2025. Lade l\u00f8sningen er kun for foreningens medlemmer, s\u00e5ledes at beboere kan oplade private biler. Lade standeren som har 2 udtag, er placeret ved indk\u00f8rslen fra \u00c5haven, s\u00e5ledes der ikke bliver trafik igennem bagg\u00e5rden for bygningen. Afregning for [&hellip;]<\/p>\n","protected":false},"author":1,"featured_media":0,"parent":0,"menu_order":0,"comment_status":"closed","ping_status":"closed","template":"","meta":{"footnotes":""},"class_list":["post-622","page","type-page","status-publish","hentry"],"_links":{"self":[{"href":"https:\/\/xn--efhaven-fxa.dk\/index.php?rest_route=\/wp\/v2\/pages\/622","targetHints":{"allow":["GET"]}}],"collection":[{"href":"https:\/\/xn--efhaven-fxa.dk\/index.php?rest_route=\/wp\/v2\/pages"}],"about":[{"href":"https:\/\/xn--efhaven-fxa.dk\/index.php?rest_route=\/wp\/v2\/types\/page"}],"author":[{"embeddable":true,"href":"https:\/\/xn--efhaven-fxa.dk\/index.php?rest_route=\/wp\/v2\/users\/1"}],"replies":[{"embeddable":true,"href":"https:\/\/xn--efhaven-fxa.dk\/index.php?rest_route=%2Fwp%2Fv2%2Fcomments&post=622"}],"version-history":[{"count":17,"href":"https:\/\/xn--efhaven-fxa.dk\/index.php?rest_route=\/wp\/v2\/pages\/622\/revisions"}],"predecessor-version":[{"id":789,"href":"https:\/\/xn--efhaven-fxa.dk\/index.php?rest_route=\/wp\/v2\/pages\/622\/revisions\/789"}],"wp:attachment":[{"href":"https:\/\/xn--efhaven-fxa.dk\/index.php?rest_route=%2Fwp%2Fv2%2Fmedia&parent=622"}],"curies":[{"name":"wp","href":"https:\/\/api.w.org\/{rel}","templated":true}]}}